 List the prime factors of k(j).
2, 751
Suppose 491946 - 1767122 = -36*n + 958444. List the prime factors of n.
5, 12409
Let z(i) = -16855*i**3 - 2*i**2 - 85*i - 85. List the prime factors of z(-1).
19, 887
Let r be 51/(-136) + (3 - (-22006)/16). Let t = -790 + r. What are the prime factors of t?
2, 3, 7
Let v be (-5745)/(-5) + (2 - 2) + 3. What are the prime factors of v/(-30)*-6*25/10?
2, 3
Suppose -3*u - v + 433 + 156 = 0, 4*v - 386 = -2*u. Suppose -2*y - u = -i, -y = -2*i + 2*y + 392. What are the prime factors of i?
193
Suppose 2*u + 2*i = 10230, 0 = -14*u + 16*u - 5*i - 10223. What are the prime factors of u?
2, 2557
Let x = -3260 + 5763. List the prime factors of x.
2503
Let q = -91624 + 137406. What are the prime factors of q?
2, 11, 2081
Suppose 4*s - 17 = -4*z - 5, s = 2*z + 9. Let l(m) = 233*m**2 + 7*m + 12. What are the prime factors of l(z)?
2, 3, 5, 31
Suppose 0 = 51*d + 17*d - 1283432. List the prime factors of d.
2, 9437
Let u(n) = 43*n + 6*n + 38 - 18 + 4. What are the prime factors of u(6)?
2, 3, 53
Suppose 0 = -5*a + 2*l - 81, -5*l + 43 + 32 = -5*a. Let u be (-185)/a + 18/153. Suppose 0 = u*h - 17 - 27. List the prime factors of h.
2
Let a(g) = 32*g - 734. Let h be a(23). Suppose y + 3*f + 51 = 0, 0*y - 2*y - 2*f = 102. Let d = h - y. What are the prime factors of d?
53
Suppose 35 - 175 = -7*m. Suppose -14*j + m = -9*j. Let c = j - -18. List the prime factors of c.
2, 11
Suppose -21*y = -136707 + 51027. What are the prime factors of y?
2, 3, 5, 17
Let y = -62622 + 96182. List the prime factors of y.
2, 5, 839
List the prime factors of (-11)/(-44) + 140777/28.
2, 3, 419
Let s(f) = -3*f - 28. Let g be s(18). Let u be g/(-4)*4 - 4. Suppose -96 = -2*q + u. What are the prime factors of q?
3, 29
Suppose -4*d = 2*w + 20, -3*w + 10 = -2*w - 2*d. Suppose 19*t - 10651 - 3105 = w. List the prime factors of t.
2, 181
Suppose -220 = -3*t + 350. Let f = t - -696. What are the prime factors of f?
2, 443
Let v(n) be the second derivative of 3*n**5/20 + 9*n**4/2 + 23*n**3/6 - 29*n**2/2 + 58*n. What are the prime factors of v(-17)?
3, 149
Let m be 0/(-3)*1 - 672. Let d = 379 + m. Let z = -166 - d. List the prime factors of z.
127
Suppose -108111 - 692669 = -32*h + 203764. What are the prime factors of h?
2, 3, 109
Let c(f) = -27*f**2 + 5*f + 5. Let p be c(4). Let t = p + 692. List the prime factors of t.
3, 5, 19
Suppose 2*g - 5 = 3*k, k = 3*g - k - 5. Let p be 96/4 - (g + 3). List the prime factors of 0 + (-2)/4 - (-1090)/p.
2, 3
Let a(o) = -36 - 18 - 3*o + 23. Let u be a(-16). Suppose 25 = v + u. What are the prime factors of v?
2
Suppose -45*w - 22 + 967 = 0. Suppose 12*c = w*c - 12141. What are the prime factors of c?
19, 71
Suppose -32 = s + 16. Let d = -45 - s. Suppose 2*q - d*p - 23 - 54 = 0, -q + p = -38. What are the prime factors of q?
37
Suppose 11 = -3*y + 41. Let a be 1/4*(-57 - -57). Suppose -y*v + 4*v + 60 = a. What are the prime factors of v?
2, 5
Suppose 0 = -4*k - s + 133, 2*s - 83 = -2*k + 7*s. Suppose 1374 = -28*o + k*o. List the prime factors of o.
229
Suppose -y + 36459 = -m - 16302, -y + 52803 = 5*m. List the prime factors of y.
2, 17, 97
Suppose b + 184 - 1124 = 0. Let k be (-260744)/(-792) - (-4)/(-18). Suppose 4*a + 4*p = b, 5*p = 2*a - 148 - k. What are the prime factors of a?
2, 59
Suppose 4*z + 10 = 18. Let n be z/(-6) + 1441/3. Suppose -3*a = -7*a + n. List the prime factors of a.
2, 3, 5
Let x(c) = 99*c - 399*c + 101*c + 95*c - 6 + 99*c. Suppose 2*u + 3*r + 0 = 5, -5*u + 3*r - 19 = 0. List the prime factors of x(u).
2
Let m(f) = 77 - 17*f + 0*f - 79 + 6*f**2. Let g be m(6). Let d = g - 48. List the prime factors of d.
2
Let p be (6/16 + (-699795)/72)/(-1). Suppose 57*b + 1511 = p. List the prime factors of b.
2, 3
List the prime factors of (6 - 3177/12)*(858/(-18) - -5).
2, 3, 5, 23
What are the prime factors of 1533 + ((-1680)/12)/(-14)?
1543
Let s(x) = -241*x - 4. Let k be s(-1). Let p be -7 + (-90)/(-12) - (-310)/4. Suppose 3*t - p - k = 0. What are the prime factors of t?
3, 5, 7
Let f(v) = 1139*v**2 + 25*v + 3. What are the prime factors of f(4)?
3, 41, 149
Let k(x) = -3*x**2 + 22*x - 2. Let f be k(7). Suppose 14 = -f*p + 29. Suppose 0 = 7*c - p*c + 2*t - 908, -5*c + t = -1121. List the prime factors of c.
3, 5
Let c(n) = -8*n - 9. Let z(d) = -d**2 - 4*d + 4. Let x be z(1). Let m be c(x). Let f(w) = -183*w - 3. List the prime factors of f(m).
2, 3, 5
Suppose 296*o - 118932 = -3*p + 293*o, -p + 5*o + 39638 = 0. List the prime factors of p.
29, 1367
Suppose -3*l + 3681 = -2*x, -12 = -0*x - 4*x. Let a = -53 - -60. Suppose l = a*z - 857. List the prime factors of z.
2, 149
Suppose -6*c + 70274 = 13082. Suppose 3736 = -7*i + c. What are the prime factors of i?
2, 3, 23
Suppose -2*y + 5920 = -226*v + 225*v, 4*y + 5*v = 11812. List the prime factors of y.
2, 3, 17, 29
Suppose -22*l + 30*l - 1650555 = -35*l. What are the prime factors of l?
3, 5, 853
Suppose 0 = 516*m - 982*m + 11508802. List the prime factors of m.
24697
Let a = 39216 - 21161. What are the prime factors of a?
5, 23, 157
Suppose -5*a + 36 + 19 = -s, -4*a - 2*s = -30. Let w = 227 - a. List the prime factors of w.
7, 31
Let v = 20810 - 19725. List the prime factors of v.
5, 7, 31
Suppose -14*b = -4*b + 20. List the prime factors of 19166/126 - b/(-18).
2, 19
Suppose 0 = -8*p + 3*p - 265. Let k = -49 - p. Suppose 10 - k = -3*w, -3*n + 3*w = -234. List the prime factors of n.
2, 19
Let p(d) = -2*d**2 + 4*d + 175. Let n be (4 - 0)*(-5 - -3)/(-2). Suppose 3*y = z + 2 + 1, 0 = 4*z - 4*y + n. What are the prime factors of p(z)?
5, 7
Let w = 570 - 568. Suppose -5*n = w*g - 4795, 5*n - 2*g - 2485 = 2290. List the prime factors of n.
3, 11, 29
Suppose -3 = -2*v + 4*b + 7, -4 = 4*b. Suppose v*d = 4*j + 2532, -12 = 3*j - 3. What are the prime factors of d?
2, 3, 5, 7
Let u be -312*1/3*30/(-4). Suppose -12*x + 2*x = u. What are the prime factors of (0 + (1 - -3))/1 - x?
2, 41
List the prime factors of 54*(-3 - 636/(-8)).
3, 17
Suppose 150 = 2*v - p + 7*p, -2*p - 225 = -3*v. Suppose 3*t = 2*u - 1889, -u = 2*t - 880 - v. List the prime factors of u.
13, 73
Let m(w) = -w**2 - 8*w + 20. Let s be m(-11). Let k(h) = -h**2 - 11*h + 44. Let u be k(s). Suppose u*v - 98 = 17*v. List the prime factors of v.
2, 7
Let f(l) = -3*l**2 - 23*l + 10. Let d be f(-8). List the prime factors of 1536/d + (-9 - -3 - -5).
13, 59
Let o = 87 - 0. Let b be (-1 - (-1 + o))/(-1). Let a = b + -46. List the prime factors of a.
41
Let r(u) = 7504*u - 11808. What are the prime factors of r(6)?
2, 3, 173
Let q(l) = l**3 + 3*l**2 - 3*l - 1. Suppose 0*j + 3*p = -j + 31, 4*j - p = 98. Let a be 30/j*10/4. List the prime factors of q(a).
2, 11
Suppose -7*g + 102 = -10. Let s be 698*2/g*4. Suppose s = 5*p - 191. List the prime factors of p.
2, 3
Let a(g) = 906*g + 6460. List the prime factors of a(19).
2, 7, 19, 89
Let i = -38 - -37. What are the prime factors of (i + (-463)/2)*(-138)/115?
3, 31
Suppose 4*i + 4*f - 4976 = 0, 4*i + 0*f - 3*f = 4997. What are the prime factors of i?
29, 43
Suppose -10*f + 16 = -8*f. Suppose -f*p + 18 = -38. Suppose p*d = 3*d + 68. What are the prime factors of d?
17
Suppose 2*m - 3*p - 12 = 138, 5*m + 3*p = 333. Let o be (4/6)/(20/90). Suppose n - f - 27 = 0, -o*f + m = 5*n - 98. List the prime factors of n.
31
Let d be (3 + 1 + -5)*16. Let h(f) = -f**3 - 16*f**2 - 32*f - 68. What are the prime factors of h(d)?
2, 3, 37
Suppose -499 = 4*x + 61. Let g = 416 + x. Let q = -126 + g. What are the prime factors of q?
2, 3, 5
Suppose -711*w + 701*w = 21260. Let r = -1333 - w. List the prime factors of r.
13, 61
What are the prime factors of 55476 + (0 - -15) + -10 + -10?
13, 17, 251
Suppose 56 + 15 = h + 4*o, 3*h = -4*o + 221. Suppose -273 = -82*m + h*m. List the prime factors of m.
3, 13
Let w(z) = -3*z**3 + 5*z**2 - 2*z - 4. Let j be w(2). Let o be 0*4/j + 1. List the prime factors of (-3756)/(-20) - o/(-5).
2, 47
Let z(f) = 46*f - 60. Let t(j) = 23*j - 30. Let a(u) = -9*t(u) + 4*z(u). Let c(i) = 68*i - 90. Let h(g) = 11*a(g) + 4*c(g). What are the prime factors of h(12)?
2, 3, 11
Let o(p) = 850*p**2 - 235*p - 107. What are the prime factors of o(10)?
197, 419
Suppose 2*z = 4*t - 168357 + 20473, -5*t = 3*z - 184877. What are the prime factors of t?
36973
Let t = -237 +